 What is i(1)?
-112
Let q(u) = -35*u + 160. Determine q(6).
-50
Let h(z) = -17*z**2 - 97*z - 26. What is h(-4)?
90
Let n(m) = 2*m**3 + 89*m**2 + 132*m + 128. Give n(-43).
-1
Let w(o) = -5*o**3 + 51*o**2 + 110*o - 20. What is w(12)?
4
Let q(o) = -7*o**2 - 4*o + 19. Calculate q(-9).
-512
Let b(i) = -i**3 - 5*i**2. Give b(-6).
36
Let x(p) = -3*p**2 + 118*p - 272. Calculate x(37).
-13
Let w(a) = -2*a**3 + 18*a**2 - 11*a - 27. What is w(9)?
-126
Let s(v) = 138*v - 31. What is s(0)?
-31
Let f(j) = 339*j - 459. Determine f(1).
-120
Let c(g) = g**3 + 69*g**2 + 11. Give c(-69).
11
Let j(m) = m**3 + 53*m**2 + 467*m + 22. Calculate j(-11).
-33
Let l(v) = 27*v - 1924. Give l(71).
-7
Let d(g) = -g**3 - 3*g**2 + g - 72. What is d(0)?
-72
Let q(s) = 453*s + 258. Give q(-1).
-195
Let y(w) = -11*w**2 - 36*w + 25. What is y(-4)?
-7
Let z(b) = -10*b + 507. Give z(65).
-143
Let c(i) = i**3 - 10*i**2 - 26*i - 61. Determine c(10).
-321
Let r(x) = 753*x - 75296. Determine r(100).
4
Let c(v) = -v**3 + 56*v**2 + 17*v - 926. Give c(56).
26
Let p(g) = -16*g**2 - 199*g - 546. Calculate p(-4).
-6
Let s(k) = 7*k**2 + 42*k + 164. Calculate s(-6).
164
Let o(i) = 2*i**3 - 23*i**2 + 29*i - 198. What is o(11)?
0
Let x(l) = l**3 - 28*l**2 + 92*l - 32. Determine x(24).
-128
Let c(x) = 5*x**3 + 43*x**2 + 23*x - 3. Give c(-8).
5
Let s(h) = -190*h + 10646. Calculate s(56).
6
Let d(f) = 71*f + 136. Determine d(-2).
-6
Let g(j) = 4*j**3 - 8*j**2 - 584*j + 1193. Give g(2).
25
Let u(n) = n**2 - 7*n - 333. Give u(24).
75
Let o(w) = -2*w**3 - 45*w**2 + 121*w - 101. Calculate o(-25).
-1
Let z(q) = -q**2 - 12*q - 22. Give z(-4).
10
Let y(c) = 15*c**2 + 47*c + 8. Give y(-3).
2
Let y(l) = l**3 + 21*l**2 + 5*l - 298. What is y(-20)?
2
Let m(t) = -t**2 - 686*t - 3397. Give m(-5).
8
Let j(k) = -k**2 - 52*k + 3005. What is j(-87)?
-40
Let k(w) = -2*w**3 + 37*w**2 - 19*w + 20. Determine k(18).
2
Let h(z) = 30*z - 739. Give h(24).
-19
Let f(z) = 137*z - 123. Calculate f(-4).
-671
Let m(g) = g**3 - 55*g**2 - 2. What is m(55)?
-2
Let y(d) = d**2 - 163*d + 725. Determine y(5).
-65
Let h(u) = -6*u**2 - 94*u - 84. Determine h(-14).
56
Let x(d) = -5*d**2 - 251*d - 68. Calculate x(-50).
-18
Let m(i) = -3*i**2 + 33*i - 171. Calculate m(8).
-99
Let p(o) = 25*o - 11. Determine p(-2).
-61
Let j(n) = -n**2 - 1028*n - 35707. Calculate j(-36).
5
Let b(z) = -z**3 + 15*z**2 - 14*z + 3. Give b(15).
-207
Let n(g) = 9*g**3 + 113*g**2 - 15*g + 5. Determine n(-13).
-476
Let i(a) = 1572*a - 11009. What is i(7)?
-5
Let r(u) = 107*u - 4700. What is r(44)?
8
Let h(f) = 2543*f + 2542. What is h(-1)?
-1
Let t(j) = 41*j - 1549. Give t(35).
-114
Let a(p) = -255*p + 2555. Calculate a(10).
5
Let d(r) = -r**3 - 41*r**2 - 75*r + 192. Give d(-39).
75
Let h(w) = -w**2 + 37*w + 172. Calculate h(32).
332
Let k(q) = 2*q**3 - 11*q**2 + 15*q - 5. Calculate k(6).
121
Let b(o) = o**3 + 13*o**2 + 23*o + 273. Calculate b(-13).
-26
Let a(c) = 208*c + 849. What is a(-4)?
17
Let i(p) = 40*p + 76. Give i(-3).
-44
Let z(h) = 2*h**2 + 124*h + 495. What is z(-4)?
31
Let x(y) = y**2 + 13*y - 121. Give x(6).
-7
Let u(x) = 39*x - 118. Give u(7).
155
Let t(s) = s**3 + 43*s**2 + 9*s + 425. Determine t(-43).
38
Let d(z) = -z**2 + 8*z - 24. Determine d(8).
-24
Let b(c) = -c**3 + 15*c**2 - 45*c + 99. Determine b(12).
-9
Let r(u) = -2*u - 162. Determine r(-16).
-130
Let x(n) = -356*n**2 + 195*n - 193. Give x(1).
-354
Let b(k) = -9377*k + 84397. Calculate b(9).
4
Let l(c) = -c**2 - 46*c - 212. Give l(-5).
-7
Let g(p) = p**3 - 272*p**2 - 46*p + 12506. Determine g(272).
-6
Let a(l) = -2*l**2 + 205*l + 746. What is a(-4)?
-106
Let c(n) = 3*n**2 + 39*n + 105. Give c(-7).
-21
Let g(j) = -j**2 - 19*j + 166. Calculate g(-26).
-16
Let u(z) = 2*z**2 - 1218*z - 11116. Give u(-9).
8
Let f(v) = 60*v**2 - 28*v - 9. Calculate f(3).
447
Let o(a) = -1555*a + 13964. Calculate o(9).
-31
Let p(h) = h**3 + 30*h**2 + 26*h - 61. Calculate p(-29).
26
Let h(n) = 30*n - 2676. Determine h(90).
24
Let x(k) = 4*k**2 - 107*k + 7. Give x(27).
34
Let x(c) = -c**3 - 37*c**2 - 40*c - 65. Determine x(-36).
79
Let l(z) = -2*z**3 - 131*z**2 - 71*z - 341. Calculate l(-65).
49
Let u(q) = -q**2 + 25*q - 24. What is u(1)?
0
Let p(r) = 7*r**3 - 576*r**2 + 175*r - 891. What is p(82)?
11
Let s(f) = -12*f**2 + 477*f + 201. What is s(40)?
81
Let f(m) = -2*m**3 - 71*m**2 - 34*m + 96. What is f(-35)?
61
Let h(j) = 5*j**2 + 204*j + 66. What is h(-41)?
107
Let o(f) = 67*f**2 + 251*f + 6. Calculate o(-4).
74
Let q(w) = 189*w - 1. Calculate q(0).
-1
Let m(g) = -2*g**3 + 18*g**2 - 16*g - 57. What is m(6)?
63
Let t(h) = -h**3 - 4*h**2 + h - 10. Determine t(-7).
130
Let c(h) = -39*h**3 + 3*h - 3. Determine c(1).
-39
Let h(b) = -4*b**3 + 287*b**2 + 71*b - 10. Calculate h(72).
-82
Let u(j) = 151*j + 1061. Give u(-7).
4
Let l(s) = s**3 + 3*s**2 - 59*s + 557. Calculate l(-12).
-31
Let j(g) = -12*g**2 + 17*g + 22. Give j(-1).
-7
Let u(y) = 26*y + 1048. Determine u(-45).
-122
Let v(c) = -50*c + 262. What is v(5)?
12
Let h(p) = -133*p + 769. Calculate h(4).
237
Let z(m) = -111*m + 6650. Determine z(60).
-10
Let n(b) = -b**3 - 46*b**2 - 137*b - 6402. Calculate n(-46).
-100
Let o(j) = j**3 + 28*j**2 + 35*j - 19. Give o(-26).
423
Let i(x) = 32*x + 934. What is i(-30)?
-26
Let f(w) = -w**2 - 21*w - 114. Give f(-12).
-6
Let a(h) = -h**2 + 267*h - 3791. Give a(15).
-11
Let i(o) = o**3 - 365*o**2 + 1088*o + 8. Calculate i(3).
14
Let g(w) = w**3 - 7*w**2 - 73*w + 23. Determine g(13).
88
Let t(j) = -2*j**3 - 49*j**2 - 68*j - 4. Determine t(-23).
-27
Let y(n) = -67*n**2 + 223*n + 11. Give y(3).
77
Let t(x) = x**3 - 8*x**2 - 14*x + 36. Give t(9).
-9
Let a(u) = 2*u**3 + 26*u**2 + 68*u + 5. Give a(-4).
21
Let p(w) = -w**3 - 8*w**2 + 10*w - 24. Determine p(-9).
-33
Let m(f) = -87*f**2 - 19*f + 21. Give m(1).
-85
Let j(v) = -32*v - 360. Calculate j(-13).
56
Let g(s) = -52*s - 388. Give g(-9).
80
Let n(v) = 106*v + 522. Calculate n(-5).
-8
Let p(n) = -59*n - 836. Calculate p(-14).
-10
Let x(w) = -835*w + 1652. What is x(2)?
-18
Let l(q) = -18194*q + 72787. Calculate l(4).
11
Let s(n) = -6*n**2 + 43*n - 30. Give s(0).
-30
Let c(x) = 71*x**2 - 22*x + 38. What is c(2)?
278
Let t(k) = 229*k - 683. Determine t(3).
4
Let p(l) = -6467*l - 32345. What is p(-5)?
-10
Let u(r) = 5*r**2 + 40*r + 100. Determine u(-3).
25
Let l(p) = 2*p**2 - 3*p - 15. Calculate l(-4).
29
Let n(p) = p**3 - 3*p**2 + 18*p - 125. What is n(8)?
339
Let b(k) = 222*k - 207. Calculate b(1).
15
Let s(d) = d**3 + 3*d**2 - 4*d - 71. What is s(0)?
-71
Let x(f) = -9*f + 99. Give x(9).
18
Let k(a) = -12*a**2 - 26. Calculate k(4).
-218
Let p(l) = -l**3 + 23*l**2 - 44*l + 48. Determine p(21).
6
Let l(f) = 33*f + 149. Calculate l(-6).
-49
Let z(w) = -89*w - 3115. Calculate z(-32).
-267
Let m(r) = 2*r**2 - 62*r + 334. Calculate m(7).
-2
Let x(c) = 93*c - 567. What is x(6)?
-9
Let m(p) = -1736*p + 19100. Determine m(11).
4
Let x(k) = 3*k**2 - 24*k - 41. Calculate x(14).
211
Let y(c) = 2*c**2 + 29*c - 69. What is y(-16)?
-21
Let s(m) = 1887*m - 5650. Calculate s(3).
11
Let f(b) = -b**2 - 57*b - 264. Give f(-52).
-4
Let g(z) = 70*z + 561. Give g(-8).
1
Let j(r) = -14*r**2 + 137*r + 22. Determine j(10).
-8
Let l(j) = -6*j**2 + 9*j + 51. Give l(4).
-9
Let g(x) = 26*x**2 + 1168*x - 110. Give g(-45).
-20
Let o(p) = 159*p - 1394. Determine o(9).
37
Let r(i) = 4*i**3 + 154*i**2 + 65*i - 411. Determine r(-38).
7
Let x(g) = -3*g**3 + 6*g**2 - 7*g + 17. Determine x(0).
17
Let w(o) = -o**3 + 72*o**2 + 77*o - 291. What is w(73)?
1
Let u(q) = -240*q + 15889. What is u(66)?
49
Let n(l) = -l**2 + 150*l - 5575. Calculate n(84).
-31
Let m(q) = 144*q + 348. What is m(-2)?
60
Let p(m) = -1140*m - 9119. What is p(-8)?
1
Let o(a) = -1226*a + 11031. Determine o(9).
-3
Let f(z) = 2*z**2 + 104*z - 459. Calculate f(-56).
-11
Let q(j) = -378*j + 44225. Give q(117).
-1
Let c(h) = 42*h**3 + 2*h**2 - 3. Give c(1).
41
Let v(y) = 8*y**3 - 6*y**2 + 3*y + 93. What is v(-4)?
-527
Let l(p) = 73*p - 272. Give l(12).
604
Let j(n) = 55*n + 2854. Calculate j(-53).
-61
Let d(w) = -2*w**2 - 10*w + 309. Determine d(-12).
141
Let s(p) = p**3 - 91*p**2 + 666*p - 241. Calculate s(83).
-75
Let y(d) = -d**2 - 15*d + 996. What is y(-40)?
-4
Let z(t) = -551*t**2 - 3309*t - 10. Give z(-6).
8
Let l(o) = -o**2 + 30*o + 64. Determ